{"id":561,"date":"2024-02-06T15:20:15","date_gmt":"2024-02-06T18:20:15","guid":{"rendered":"https:\/\/forumsepse.com.br\/?page_id=561"},"modified":"2024-04-30T15:18:17","modified_gmt":"2024-04-30T18:18:17","slug":"monitoria","status":"publish","type":"page","link":"https:\/\/forumsepse.com.br\/2024\/monitoria\/","title":{"rendered":"Monitoria"},"content":{"rendered":"\t\t<div data-elementor-type=\"wp-page\" data-elementor-id=\"561\" class=\"elementor elementor-561\" data-elementor-post-type=\"page\">\n\t\t\t\t<div class=\"elementor-element elementor-element-1b999a59 e-flex e-con-boxed e-con e-parent\" data-id=\"1b999a59\" data-element_type=\"container\" data-settings=\"{&quot;background_background&quot;:&quot;classic&quot;}\">\n\t\t\t\t\t<div class=\"e-con-inner\">\n\t\t\t\t\t<\/div>\n\t\t\t\t<\/div>\n\t\t\t\t<section class=\"elementor-section elementor-top-section elementor-element elementor-element-3e281378 elementor-section-boxed elementor-section-height-default elementor-section-height-default\" data-id=\"3e281378\" data-element_type=\"section\">\n\t\t\t\t\t\t<div class=\"elementor-container elementor-column-gap-default\">\n\t\t\t\t\t<div class=\"elementor-column elementor-col-33 elementor-top-column elementor-element elementor-element-5ee3c35c elementor-invisible\" data-id=\"5ee3c35c\" data-element_type=\"column\" data-settings=\"{&quot;animation&quot;:&quot;fadeInLeft&quot;,&quot;animation_delay&quot;:200}\">\n\t\t\t<div class=\"elementor-widget-wrap elementor-element-populated\">\n\t\t\t\t\t\t<div class=\"elementor-element elementor-element-59c13c32 elementor-widget elementor-widget-heading\" data-id=\"59c13c32\" data-element_type=\"widget\" data-widget_type=\"heading.default\">\n\t\t\t\t<div class=\"elementor-widget-container\">\n\t\t\t<h2 class=\"elementor-heading-title elementor-size-default\">10\/05<\/h2>\t\t<\/div>\n\t\t\t\t<\/div>\n\t\t\t\t<div class=\"elementor-element elementor-element-48e35932 elementor-widget elementor-widget-text-editor\" data-id=\"48e35932\" data-element_type=\"widget\" data-widget_type=\"text-editor.default\">\n\t\t\t\t<div class=\"elementor-widget-container\">\n\t\t\t\t\t\t\t<p>LIMITE para INSCRI\u00c7\u00c3O<\/p>\t\t\t\t\t\t<\/div>\n\t\t\t\t<\/div>\n\t\t\t\t\t<\/div>\n\t\t<\/div>\n\t\t\t\t<div class=\"elementor-column elementor-col-33 elementor-top-column elementor-element elementor-element-38b9d86a animated-slow elementor-invisible\" data-id=\"38b9d86a\" data-element_type=\"column\" data-settings=\"{&quot;animation&quot;:&quot;zoomIn&quot;}\">\n\t\t\t<div class=\"elementor-widget-wrap elementor-element-populated\">\n\t\t\t\t\t\t<div class=\"elementor-element elementor-element-452be2ad elementor-widget elementor-widget-heading\" data-id=\"452be2ad\" data-element_type=\"widget\" data-widget_type=\"heading.default\">\n\t\t\t\t<div class=\"elementor-widget-container\">\n\t\t\t<h2 class=\"elementor-heading-title elementor-size-default\">12\/06<\/h2>\t\t<\/div>\n\t\t\t\t<\/div>\n\t\t\t\t<div class=\"elementor-element elementor-element-729ffcbe elementor-widget elementor-widget-text-editor\" data-id=\"729ffcbe\" data-element_type=\"widget\" data-widget_type=\"text-editor.default\">\n\t\t\t\t<div class=\"elementor-widget-container\">\n\t\t\t\t\t\t\t<p>Treinamento<\/p>\t\t\t\t\t\t<\/div>\n\t\t\t\t<\/div>\n\t\t\t\t\t<\/div>\n\t\t<\/div>\n\t\t\t\t<div class=\"elementor-column elementor-col-33 elementor-top-column elementor-element elementor-element-4ee0ae05 elementor-invisible\" data-id=\"4ee0ae05\" data-element_type=\"column\" data-settings=\"{&quot;animation&quot;:&quot;fadeInRight&quot;,&quot;animation_delay&quot;:200}\">\n\t\t\t<div class=\"elementor-widget-wrap elementor-element-populated\">\n\t\t\t\t\t\t<div class=\"elementor-element elementor-element-62fb9d54 elementor-widget elementor-widget-heading\" data-id=\"62fb9d54\" data-element_type=\"widget\" data-widget_type=\"heading.default\">\n\t\t\t\t<div class=\"elementor-widget-container\">\n\t\t\t<h2 class=\"elementor-heading-title elementor-size-default\">13 e 14\/06<\/h2>\t\t<\/div>\n\t\t\t\t<\/div>\n\t\t\t\t<div class=\"elementor-element elementor-element-5fa0a1e8 elementor-widget elementor-widget-text-editor\" data-id=\"5fa0a1e8\" data-element_type=\"widget\" data-widget_type=\"text-editor.default\">\n\t\t\t\t<div class=\"elementor-widget-container\">\n\t\t\t\t\t\t\t<p>Participa\u00e7\u00e3o<\/p>\t\t\t\t\t\t<\/div>\n\t\t\t\t<\/div>\n\t\t\t\t\t<\/div>\n\t\t<\/div>\n\t\t\t\t\t<\/div>\n\t\t<\/section>\n\t\t<div class=\"elementor-element elementor-element-960dd79 e-flex e-con-boxed e-con e-parent\" data-id=\"960dd79\" data-element_type=\"container\">\n\t\t\t\t\t<div class=\"e-con-inner\">\n\t\t\t\t<div class=\"elementor-element elementor-element-6a9c79b elementor-widget elementor-widget-text-editor\" data-id=\"6a9c79b\" data-element_type=\"widget\" data-widget_type=\"text-editor.default\">\n\t\t\t\t<div class=\"elementor-widget-container\">\n\t\t\t\t\t\t\t<p style=\"text-align: center;\"><strong>EDITAL DE SELE\u00c7\u00c3O DE MONITORES VOLUNT\u00c1RIOS<\/strong><\/p><p style=\"text-align: center;\"><strong>XX F\u00d3RUM INTERNACIONAL DE SEPSE<\/strong><\/p>\t\t\t\t\t\t<\/div>\n\t\t\t\t<\/div>\n\t\t\t\t\t<\/div>\n\t\t\t\t<\/div>\n\t\t\t\t<section class=\"elementor-section elementor-top-section elementor-element elementor-element-693bfc1b elementor-section-content-middle elementor-section-boxed elementor-section-height-default elementor-section-height-default\" data-id=\"693bfc1b\" data-element_type=\"section\">\n\t\t\t\t\t\t<div class=\"elementor-container elementor-column-gap-no\">\n\t\t\t\t\t<div class=\"elementor-column elementor-col-100 elementor-top-column elementor-element elementor-element-5f6f7ead\" data-id=\"5f6f7ead\" data-element_type=\"column\">\n\t\t\t<div class=\"elementor-widget-wrap elementor-element-populated\">\n\t\t\t\t\t\t<div class=\"elementor-element elementor-element-50fb18a0 elementor-widget elementor-widget-toggle\" data-id=\"50fb18a0\" data-element_type=\"widget\" data-widget_type=\"toggle.default\">\n\t\t\t\t<div class=\"elementor-widget-container\">\n\t\t\t\t\t<div class=\"elementor-toggle\">\n\t\t\t\t\t\t\t<div class=\"elementor-toggle-item\">\n\t\t\t\t\t<div id=\"elementor-tab-title-1351\" class=\"elementor-tab-title\" data-tab=\"1\" role=\"button\" aria-controls=\"elementor-tab-content-1351\" aria-expanded=\"false\">\n\t\t\t\t\t\t\t\t\t\t\t\t<span class=\"elementor-toggle-icon elementor-toggle-icon-right\" aria-hidden=\"true\">\n\t\t\t\t\t\t\t\t\t\t\t\t\t\t\t<span class=\"elementor-toggle-icon-closed\"><svg class=\"e-font-icon-svg e-fas-caret-right\" viewBox=\"0 0 192 512\" xmlns=\"http:\/\/www.w3.org\/2000\/svg\"><path d=\"M0 384.662V127.338c0-17.818 21.543-26.741 34.142-14.142l128.662 128.662c7.81 7.81 7.81 20.474 0 28.284L34.142 398.804C21.543 411.404 0 402.48 0 384.662z\"><\/path><\/svg><\/span>\n\t\t\t\t\t\t\t\t<span class=\"elementor-toggle-icon-opened\"><svg class=\"elementor-toggle-icon-opened e-font-icon-svg e-fas-caret-up\" viewBox=\"0 0 320 512\" xmlns=\"http:\/\/www.w3.org\/2000\/svg\"><path d=\"M288.662 352H31.338c-17.818 0-26.741-21.543-14.142-34.142l128.662-128.662c7.81-7.81 20.474-7.81 28.284 0l128.662 128.662c12.6 12.599 3.676 34.142-14.142 34.142z\"><\/path><\/svg><\/span>\n\t\t\t\t\t\t\t\t\t\t\t\t\t<\/span>\n\t\t\t\t\t\t\t\t\t\t\t\t<a class=\"elementor-toggle-title\" tabindex=\"0\">1. DAS DISPOSI\u00c7\u00d5ES INICIAIS <\/a>\n\t\t\t\t\t<\/div>\n\n\t\t\t\t\t<div id=\"elementor-tab-content-1351\" class=\"elementor-tab-content elementor-clearfix\" data-tab=\"1\" role=\"region\" aria-labelledby=\"elementor-tab-title-1351\"><p><strong>1.1<\/strong> As Comiss\u00f5es Cient\u00edfica e Organizadora, em parceria com o Instituto Latino-Americano de Sepse (ILAS), tornam p\u00fablico Edital de sele\u00e7\u00e3o dos monitores volunt\u00e1rios para o XX F\u00d3RUM INTERNACIONAL DE SEPSE, que ser\u00e1 realizado no Milenium Centro de Conven\u00e7\u00f5es, localizado na Rua Dr. Bacelar, 1043, Vila Clementino, S\u00e3o Paulo\/SP, nos dias 13 e 14 de junho de 2024. O evento tem como objetivo compartilhar e discutir as atualiza\u00e7\u00f5es a respeito de infec\u00e7\u00f5es e sepse.<\/p><\/div>\n\t\t\t\t<\/div>\n\t\t\t\t\t\t\t<div class=\"elementor-toggle-item\">\n\t\t\t\t\t<div id=\"elementor-tab-title-1352\" class=\"elementor-tab-title\" data-tab=\"2\" role=\"button\" aria-controls=\"elementor-tab-content-1352\" aria-expanded=\"false\">\n\t\t\t\t\t\t\t\t\t\t\t\t<span class=\"elementor-toggle-icon elementor-toggle-icon-right\" aria-hidden=\"true\">\n\t\t\t\t\t\t\t\t\t\t\t\t\t\t\t<span class=\"elementor-toggle-icon-closed\"><svg class=\"e-font-icon-svg e-fas-caret-right\" viewBox=\"0 0 192 512\" xmlns=\"http:\/\/www.w3.org\/2000\/svg\"><path d=\"M0 384.662V127.338c0-17.818 21.543-26.741 34.142-14.142l128.662 128.662c7.81 7.81 7.81 20.474 0 28.284L34.142 398.804C21.543 411.404 0 402.48 0 384.662z\"><\/path><\/svg><\/span>\n\t\t\t\t\t\t\t\t<span class=\"elementor-toggle-icon-opened\"><svg class=\"elementor-toggle-icon-opened e-font-icon-svg e-fas-caret-up\" viewBox=\"0 0 320 512\" xmlns=\"http:\/\/www.w3.org\/2000\/svg\"><path d=\"M288.662 352H31.338c-17.818 0-26.741-21.543-14.142-34.142l128.662-128.662c7.81-7.81 20.474-7.81 28.284 0l128.662 128.662c12.6 12.599 3.676 34.142-14.142 34.142z\"><\/path><\/svg><\/span>\n\t\t\t\t\t\t\t\t\t\t\t\t\t<\/span>\n\t\t\t\t\t\t\t\t\t\t\t\t<a class=\"elementor-toggle-title\" tabindex=\"0\">2. DA FINALIDADE <\/a>\n\t\t\t\t\t<\/div>\n\n\t\t\t\t\t<div id=\"elementor-tab-content-1352\" class=\"elementor-tab-content elementor-clearfix\" data-tab=\"2\" role=\"region\" aria-labelledby=\"elementor-tab-title-1352\"><p><strong>2.1<\/strong> A atividade de monitoria volunt\u00e1ria a ser desenvolvida destina-se aos alunos graduandos, da \u00e1rea de sa\u00fade, regularmente matriculados nas institui\u00e7\u00f5es de ensino. A atividade tem como finalidade apoiar diferentes atividades necess\u00e1rias \u00e0 realiza\u00e7\u00e3o do evento, visando tamb\u00e9m integrar e motivar a participa\u00e7\u00e3o dos estudantes.<\/p><\/div>\n\t\t\t\t<\/div>\n\t\t\t\t\t\t\t<div class=\"elementor-toggle-item\">\n\t\t\t\t\t<div id=\"elementor-tab-title-1353\" class=\"elementor-tab-title\" data-tab=\"3\" role=\"button\" aria-controls=\"elementor-tab-content-1353\" aria-expanded=\"false\">\n\t\t\t\t\t\t\t\t\t\t\t\t<span class=\"elementor-toggle-icon elementor-toggle-icon-right\" aria-hidden=\"true\">\n\t\t\t\t\t\t\t\t\t\t\t\t\t\t\t<span class=\"elementor-toggle-icon-closed\"><svg class=\"e-font-icon-svg e-fas-caret-right\" viewBox=\"0 0 192 512\" xmlns=\"http:\/\/www.w3.org\/2000\/svg\"><path d=\"M0 384.662V127.338c0-17.818 21.543-26.741 34.142-14.142l128.662 128.662c7.81 7.81 7.81 20.474 0 28.284L34.142 398.804C21.543 411.404 0 402.48 0 384.662z\"><\/path><\/svg><\/span>\n\t\t\t\t\t\t\t\t<span class=\"elementor-toggle-icon-opened\"><svg class=\"elementor-toggle-icon-opened e-font-icon-svg e-fas-caret-up\" viewBox=\"0 0 320 512\" xmlns=\"http:\/\/www.w3.org\/2000\/svg\"><path d=\"M288.662 352H31.338c-17.818 0-26.741-21.543-14.142-34.142l128.662-128.662c7.81-7.81 20.474-7.81 28.284 0l128.662 128.662c12.6 12.599 3.676 34.142-14.142 34.142z\"><\/path><\/svg><\/span>\n\t\t\t\t\t\t\t\t\t\t\t\t\t<\/span>\n\t\t\t\t\t\t\t\t\t\t\t\t<a class=\"elementor-toggle-title\" tabindex=\"0\">3. DAS VAGAS, INSCRI\u00c7\u00d5ES E SELE\u00c7\u00c3O DOS CANDIDATOS <\/a>\n\t\t\t\t\t<\/div>\n\n\t\t\t\t\t<div id=\"elementor-tab-content-1353\" class=\"elementor-tab-content elementor-clearfix\" data-tab=\"3\" role=\"region\" aria-labelledby=\"elementor-tab-title-1353\"><p><strong>3.1<\/strong> O n\u00famero total de vagas para monitores volunt\u00e1rios ser\u00e1 de 8 vagas. A atribui\u00e7\u00e3o de cada monitor volunt\u00e1rio ser\u00e1 baseada nos requisitos log\u00edsticos espec\u00edficos do evento.<\/p><p><strong>3.2 Crit\u00e9rios para participar como monitor volunt\u00e1rio: <\/strong><\/p><ol><li>A) Ser maior de 18 anos na data da inscri\u00e7\u00e3o;<\/li><li>B) Ser aluno de n\u00edvel superior da \u00e1rea de sa\u00fade, regularmente matriculado em institui\u00e7\u00f5es de ensino do Estado de S\u00e3o Paulo;<\/li><li>C) Ter disponibilidade de <strong>06 horas <\/strong>di\u00e1rias (7h \u00e0s 13h e\/ou 13h \u00e0s 19h), nos dias <strong>13 e 14 de junho <\/strong>de 2024, e para <strong>atividade de treinamento pr\u00e9vio <\/strong>de monitores do evento (prevista para <strong>12 de junho de 2024)<\/strong>;<\/li><li>D) Avalia\u00e7\u00e3o do curr\u00edculo com participa\u00e7\u00e3o em congressos na \u00e1rea da sa\u00fade; e,<\/li><li>E) Avalia\u00e7\u00e3o da carta de inten\u00e7\u00e3o.<\/li><\/ol><p><strong>3.3<\/strong> Os monitores selecionados poder\u00e3o exercer at\u00e9 duas modalidades de atendimento ao p\u00fablico, <strong>sendo esta defini\u00e7\u00e3o e classifica\u00e7\u00e3o exclusivamente a crit\u00e9rio da organiza\u00e7\u00e3o do evento<\/strong>;<\/p><p><strong>3.3.1<\/strong> Modalidades de atendimento &#8211; <strong>F\u00f3rum Internacional de Sepse: <\/strong><\/p><p><strong><em>Posso Ajudar?<\/em><\/strong> nesta modalidade, o monitor dever\u00e1 permanecer nos espa\u00e7os de recep\u00e7\u00e3o ao p\u00fablico; sua principal fun\u00e7\u00e3o ser\u00e1 informar os locais onde ocorrer\u00e3o as aulas, al\u00e9m de estar preparado para atender outras solicita\u00e7\u00f5es, referenciando para a equipe de organiza\u00e7\u00e3o se necess\u00e1rio, e fornecer informa\u00e7\u00f5es que forem solicitadas.<\/p><p><strong><em>Recepcionista<\/em><\/strong><strong>:<\/strong> nesta modalidade, o monitor ir\u00e1 entregar credencial para pr\u00e9-inscritos no F\u00f3rum.<\/p><p>Obs.: Os monitores volunt\u00e1rios poder\u00e3o participar da programa\u00e7\u00e3o do f\u00f3rum, sem qualquer restri\u00e7\u00e3o, quando n\u00e3o estiverem escalados.<\/p><p>3.4 As inscri\u00e7\u00f5es dever\u00e3o ser realizadas por meio do e-mail: adm@planoapp.com.br<\/p><p>\u00a0<strong>At\u00e9 o dia 10 de maio de 2024. <\/strong><\/p><p><strong>3.5 A divulga\u00e7\u00e3o dos selecionados ocorrer\u00e1 diretamente no site oficial do evento:<\/strong> <a href=\"http:\/\/www.forumsepse.com.br\">http:\/\/www.forumsepse.com.br<\/a>, a partir do dia 17 de maio de 2024.<\/p><p><strong>3.6 Os candidatos selecionados dever\u00e3o encaminhar por e-mail as seguintes c\u00f3pias digitalizadas: <\/strong><\/p><ol><li>Documento de Identidade;<\/li><li>CPF;<\/li><\/ol><p>III. Comprovante de matr\u00edcula ativa de aluno em curso de gradua\u00e7\u00e3o na \u00e1rea da sa\u00fade;<\/p><p>IV. Carta de inten\u00e7\u00e3o justificando o interesse na monitoria volunt\u00e1ria.<\/p><\/div>\n\t\t\t\t<\/div>\n\t\t\t\t\t\t\t<div class=\"elementor-toggle-item\">\n\t\t\t\t\t<div id=\"elementor-tab-title-1354\" class=\"elementor-tab-title\" data-tab=\"4\" role=\"button\" aria-controls=\"elementor-tab-content-1354\" aria-expanded=\"false\">\n\t\t\t\t\t\t\t\t\t\t\t\t<span class=\"elementor-toggle-icon elementor-toggle-icon-right\" aria-hidden=\"true\">\n\t\t\t\t\t\t\t\t\t\t\t\t\t\t\t<span class=\"elementor-toggle-icon-closed\"><svg class=\"e-font-icon-svg e-fas-caret-right\" viewBox=\"0 0 192 512\" xmlns=\"http:\/\/www.w3.org\/2000\/svg\"><path d=\"M0 384.662V127.338c0-17.818 21.543-26.741 34.142-14.142l128.662 128.662c7.81 7.81 7.81 20.474 0 28.284L34.142 398.804C21.543 411.404 0 402.48 0 384.662z\"><\/path><\/svg><\/span>\n\t\t\t\t\t\t\t\t<span class=\"elementor-toggle-icon-opened\"><svg class=\"elementor-toggle-icon-opened e-font-icon-svg e-fas-caret-up\" viewBox=\"0 0 320 512\" xmlns=\"http:\/\/www.w3.org\/2000\/svg\"><path d=\"M288.662 352H31.338c-17.818 0-26.741-21.543-14.142-34.142l128.662-128.662c7.81-7.81 20.474-7.81 28.284 0l128.662 128.662c12.6 12.599 3.676 34.142-14.142 34.142z\"><\/path><\/svg><\/span>\n\t\t\t\t\t\t\t\t\t\t\t\t\t<\/span>\n\t\t\t\t\t\t\t\t\t\t\t\t<a class=\"elementor-toggle-title\" tabindex=\"0\">4. DOS BENEF\u00cdCIOS <\/a>\n\t\t\t\t\t<\/div>\n\n\t\t\t\t\t<div id=\"elementor-tab-content-1354\" class=\"elementor-tab-content elementor-clearfix\" data-tab=\"4\" role=\"region\" aria-labelledby=\"elementor-tab-title-1354\"><p><strong>4.1<\/strong> Ser\u00e1 fornecido ao monitor volunt\u00e1rio, ao final do evento, certificado emitido pela Comiss\u00e3o Organizadora, com a carga hor\u00e1ria de atividade de monitoria no evento e de participante no evento;<\/p><p><strong>4.2<\/strong> \u2013 Ser\u00e1 concedida isen\u00e7\u00e3o da taxa de inscri\u00e7\u00e3o no evento;<\/p><p><strong>4.3<\/strong> \u2013 Ser\u00e1 concedido reembolso da taxa de inscri\u00e7\u00e3o para os candidatos aprovados que tenham efetuado o seu pagamento anteriormente; e,<\/p><p><strong>4.4<\/strong> &#8211; Ser\u00e1 concedida ajuda de custo (a ser definida pela comiss\u00e3o organizadora) para aux\u00edlio das passagens para deslocamento at\u00e9 o local do evento.<\/p><\/div>\n\t\t\t\t<\/div>\n\t\t\t\t\t\t\t<div class=\"elementor-toggle-item\">\n\t\t\t\t\t<div id=\"elementor-tab-title-1355\" class=\"elementor-tab-title\" data-tab=\"5\" role=\"button\" aria-controls=\"elementor-tab-content-1355\" aria-expanded=\"false\">\n\t\t\t\t\t\t\t\t\t\t\t\t<span class=\"elementor-toggle-icon elementor-toggle-icon-right\" aria-hidden=\"true\">\n\t\t\t\t\t\t\t\t\t\t\t\t\t\t\t<span class=\"elementor-toggle-icon-closed\"><svg class=\"e-font-icon-svg e-fas-caret-right\" viewBox=\"0 0 192 512\" xmlns=\"http:\/\/www.w3.org\/2000\/svg\"><path d=\"M0 384.662V127.338c0-17.818 21.543-26.741 34.142-14.142l128.662 128.662c7.81 7.81 7.81 20.474 0 28.284L34.142 398.804C21.543 411.404 0 402.48 0 384.662z\"><\/path><\/svg><\/span>\n\t\t\t\t\t\t\t\t<span class=\"elementor-toggle-icon-opened\"><svg class=\"elementor-toggle-icon-opened e-font-icon-svg e-fas-caret-up\" viewBox=\"0 0 320 512\" xmlns=\"http:\/\/www.w3.org\/2000\/svg\"><path d=\"M288.662 352H31.338c-17.818 0-26.741-21.543-14.142-34.142l128.662-128.662c7.81-7.81 20.474-7.81 28.284 0l128.662 128.662c12.6 12.599 3.676 34.142-14.142 34.142z\"><\/path><\/svg><\/span>\n\t\t\t\t\t\t\t\t\t\t\t\t\t<\/span>\n\t\t\t\t\t\t\t\t\t\t\t\t<a class=\"elementor-toggle-title\" tabindex=\"0\">5. DAS DISPOSI\u00c7\u00d5ES FINAIS <\/a>\n\t\t\t\t\t<\/div>\n\n\t\t\t\t\t<div id=\"elementor-tab-content-1355\" class=\"elementor-tab-content elementor-clearfix\" data-tab=\"5\" role=\"region\" aria-labelledby=\"elementor-tab-title-1355\"><p><strong>5.1<\/strong> Os monitores selecionados ter\u00e3o que <strong>obrigatoriamente <\/strong>participar da atividade de treinamento pr\u00e9vio do evento, via videochamada com data a definir, na semana anterior ao evento (03 a 07 de junho). O n\u00e3o comparecimento <strong>implicar\u00e1 no desligamento da monitoria<\/strong>. Neste caso ser\u00e1 chamado um candidato que conste no cadastro de reserva formado com os candidatos excedentes ao n\u00famero de vagas ofertadas;<\/p><p><strong>5.2<\/strong> Os monitores volunt\u00e1rios selecionados dever\u00e3o participar das atividades do F\u00f3rum Internacional de Sepse em data e hor\u00e1rio a ser divulgado. <strong>Os monitores volunt\u00e1rios que faltarem aos encontros e\/ou n\u00e3o cumprirem a carga hor\u00e1ria estabelecida durante o evento n\u00e3o receber\u00e3o o certificado de participa\u00e7\u00e3o. <\/strong><\/p><p><strong>5.3<\/strong> Os casos omissos neste Edital ser\u00e3o resolvidos pela Comiss\u00e3o Organizadora do evento.<\/p><\/div>\n\t\t\t\t<\/div>\n\t\t\t\t\t\t\t\t<\/div>\n\t\t\t\t<\/div>\n\t\t\t\t<\/div>\n\t\t\t\t\t<\/div>\n\t\t<\/div>\n\t\t\t\t\t<\/div>\n\t\t<\/section>\n\t\t<div class=\"elementor-element elementor-element-e1f31be e-flex e-con-boxed e-con e-parent\" data-id=\"e1f31be\" data-element_type=\"container\">\n\t\t\t\t\t<div class=\"e-con-inner\">\n\t\t\t\t<div class=\"elementor-element elementor-element-6607df4 elementor-widget elementor-widget-text-editor\" data-id=\"6607df4\" data-element_type=\"widget\" data-widget_type=\"text-editor.default\">\n\t\t\t\t<div class=\"elementor-widget-container\">\n\t\t\t\t\t\t\t<p>S\u00e3o Paulo, 06 de fevereiro de 2024.<\/p><p>\u00a0<\/p><p>Daniela Carla Souza<\/p><p><strong>Presidente do XX F\u00d3RUM INTERNACIONAL DE SEPSE<\/strong><\/p>\t\t\t\t\t\t<\/div>\n\t\t\t\t<\/div>\n\t\t\t\t\t<\/div>\n\t\t\t\t<\/div>\n\t\t\t\t<\/div>\n\t\t","protected":false},"excerpt":{"rendered":"<p>10\/05 LIMITE para INSCRI\u00c7\u00c3O 12\/06 Treinamento 13 e 14\/06 Participa\u00e7\u00e3o EDITAL DE SELE\u00c7\u00c3O DE MONITORES VOLUNT\u00c1RIOS XX F\u00d3RUM INTERNACIONAL DE SEPSE 1. DAS DISPOSI\u00c7\u00d5ES INICIAIS 1.1 As Comiss\u00f5es Cient\u00edfica e Organizadora, em parceria com o Instituto Latino-Americano de Sepse (ILAS), tornam p\u00fablico Edital de sele\u00e7\u00e3o dos monitores volunt\u00e1rios para o XX F\u00d3RUM INTERNACIONAL DE SEPSE, [&hellip;]<\/p>\n","protected":false},"author":1,"featured_media":0,"parent":0,"menu_order":0,"comment_status":"closed","ping_status":"closed","template":"elementor_header_footer","meta":{"_joinchat":[],"footnotes":""},"class_list":["post-561","page","type-page","status-publish","hentry"],"aioseo_notices":[],"_links":{"self":[{"href":"https:\/\/forumsepse.com.br\/2024\/wp-json\/wp\/v2\/pages\/561","targetHints":{"allow":["GET"]}}],"collection":[{"href":"https:\/\/forumsepse.com.br\/2024\/wp-json\/wp\/v2\/pages"}],"about":[{"href":"https:\/\/forumsepse.com.br\/2024\/wp-json\/wp\/v2\/types\/page"}],"author":[{"embeddable":true,"href":"https:\/\/forumsepse.com.br\/2024\/wp-json\/wp\/v2\/users\/1"}],"replies":[{"embeddable":true,"href":"https:\/\/forumsepse.com.br\/2024\/wp-json\/wp\/v2\/comments?post=561"}],"version-history":[{"count":16,"href":"https:\/\/forumsepse.com.br\/2024\/wp-json\/wp\/v2\/pages\/561\/revisions"}],"predecessor-version":[{"id":1153,"href":"https:\/\/forumsepse.com.br\/2024\/wp-json\/wp\/v2\/pages\/561\/revisions\/1153"}],"wp:attachment":[{"href":"https:\/\/forumsepse.com.br\/2024\/wp-json\/wp\/v2\/media?parent=561"}],"curies":[{"name":"wp","href":"https:\/\/api.w.org\/{rel}","templated":true}]}}